Last updated on 2025-04-30 04:50:20 CEST.
Flavor | Version | Tinstall | Tcheck | Ttotal | Status | Flags |
---|---|---|---|---|---|---|
r-devel-linux-x86_64-debian-clang | 1.2.0 | 36.76 | 490.90 | 527.66 | NOTE | |
r-devel-linux-x86_64-debian-gcc | 1.2.0 | 24.53 | 340.80 | 365.33 | NOTE | |
r-devel-linux-x86_64-fedora-clang | 1.2.0 | 893.84 | NOTE | |||
r-devel-linux-x86_64-fedora-gcc | 1.2.0 | 788.05 | NOTE | |||
r-devel-windows-x86_64 | 1.2.0 | 41.00 | 452.00 | 493.00 | NOTE | |
r-patched-linux-x86_64 | 1.2.0 | 33.43 | 465.59 | 499.02 | NOTE | |
r-release-linux-x86_64 | 1.2.0 | 34.77 | 461.60 | 496.37 | NOTE | |
r-release-macos-arm64 | 1.2.0 | 199.00 | NOTE | |||
r-release-macos-x86_64 | 1.2.0 | 442.00 | OK | |||
r-release-windows-x86_64 | 1.2.0 | 39.00 | 437.00 | 476.00 | NOTE | |
r-oldrel-macos-arm64 | 1.2.0 | 213.00 | NOTE | |||
r-oldrel-macos-x86_64 | 1.2.0 | 421.00 | NOTE | |||
r-oldrel-windows-x86_64 | 1.2.0 | 45.00 | 570.00 | 615.00 | NOTE |
Version: 1.2.0
Check: DESCRIPTION meta-information
Result: NOTE
Missing dependency on R >= 4.1.0 because package code uses the pipe
|> or function shorthand \(...) syntax added in R 4.1.0.
File(s) using such syntax:
‘gtable_ld_associations_combine.Rd’ ‘gtable_ld_grobs.Rd’
Flavors: r-devel-linux-x86_64-debian-clang, r-devel-linux-x86_64-debian-gcc, r-devel-linux-x86_64-fedora-clang, r-devel-linux-x86_64-fedora-gcc, r-devel-windows-x86_64, r-patched-linux-x86_64, r-release-linux-x86_64, r-release-macos-arm64, r-release-windows-x86_64
Version: 1.2.0
Check: examples
Result: NOTE
Examples with CPU (user + system) or elapsed time > 5s
user system elapsed
gtable_ld_associations_gdata 9.308 0.232 11.848
gtable_ld_associations_combine 6.804 0.124 8.037
gtable_ld 5.765 0.217 7.382
gtable_ld_grobs 5.534 0.031 8.112
gtable_ld_gdata 4.280 0.086 5.712
Flavor: r-devel-linux-x86_64-debian-clang
Version: 1.2.0
Check: examples
Result: NOTE
Examples with CPU (user + system) or elapsed time > 5s
user system elapsed
gtable_ld_associations_gdata 5.085 0.084 7.172
gtable_ld 4.478 0.182 6.438
gtable_ld_associations_combine 3.885 0.010 5.149
Flavor: r-devel-linux-x86_64-debian-gcc
Version: 1.2.0
Check: installed package size
Result: NOTE
installed size is 5.6Mb
sub-directories of 1Mb or more:
doc 4.2Mb
Flavors: r-oldrel-macos-arm64, r-oldrel-macos-x86_64, r-oldrel-windows-x86_64