Last updated on 2025-04-30 04:50:20 CEST.
Flavor | Version | Tinstall | Tcheck | Ttotal | Status | Flags |
---|---|---|---|---|---|---|
r-devel-linux-x86_64-debian-clang | 3.10.1 | 3.75 | 164.50 | 168.25 | OK | |
r-devel-linux-x86_64-debian-gcc | 3.10.1 | 2.46 | 109.05 | 111.51 | OK | |
r-devel-linux-x86_64-fedora-clang | 3.10.1 | 263.54 | NOTE | |||
r-devel-linux-x86_64-fedora-gcc | 3.10.1 | 274.51 | NOTE | |||
r-devel-windows-x86_64 | 3.10.1 | 6.00 | 240.00 | 246.00 | OK | |
r-patched-linux-x86_64 | 3.10.1 | 3.83 | 157.26 | 161.09 | OK | |
r-release-linux-x86_64 | 3.10.1 | 3.34 | 158.58 | 161.92 | OK | |
r-release-macos-arm64 | 3.10.1 | 116.00 | OK | |||
r-release-macos-x86_64 | 3.10.1 | 214.00 | OK | |||
r-release-windows-x86_64 | 3.10.1 | 6.00 | 255.00 | 261.00 | OK | |
r-oldrel-macos-arm64 | 3.10.1 | 112.00 | OK | |||
r-oldrel-macos-x86_64 | 3.10.1 | 160.00 | OK | |||
r-oldrel-windows-x86_64 | 3.10.1 | 6.00 | 297.00 | 303.00 | OK |
Version: 3.10.1
Check: dependencies in R code
Result: NOTE
Namespace in Imports field not imported from: ‘backports’
All declared Imports should be used.
Flavors: r-devel-linux-x86_64-fedora-clang, r-devel-linux-x86_64-fedora-gcc