Last updated on 2025-04-30 04:50:20 CEST.
Flavor | Version | Tinstall | Tcheck | Ttotal | Status | Flags |
---|---|---|---|---|---|---|
r-devel-linux-x86_64-debian-clang | 1.2.0 | 4.38 | 63.92 | 68.30 | NOTE | |
r-devel-linux-x86_64-debian-gcc | 1.2.0 | 2.78 | 50.35 | 53.13 | NOTE | |
r-devel-linux-x86_64-fedora-clang | 1.2.0 | 105.81 | NOTE | |||
r-devel-linux-x86_64-fedora-gcc | 1.2.0 | 114.61 | NOTE | |||
r-devel-windows-x86_64 | 1.2.0 | 5.00 | 116.00 | 121.00 | NOTE | |
r-patched-linux-x86_64 | 1.2.0 | 5.04 | 61.81 | 66.85 | NOTE | |
r-release-linux-x86_64 | 1.2.0 | 3.98 | 61.36 | 65.34 | NOTE | |
r-release-macos-arm64 | 1.2.0 | 56.00 | NOTE | |||
r-release-macos-x86_64 | 1.2.0 | 85.00 | NOTE | |||
r-release-windows-x86_64 | 1.2.0 | 5.00 | 116.00 | 121.00 | NOTE | |
r-oldrel-macos-arm64 | 1.2.0 | 47.00 | OK | |||
r-oldrel-macos-x86_64 | 1.2.0 | 62.00 | OK | |||
r-oldrel-windows-x86_64 | 1.2.0 | 7.00 | 118.00 | 125.00 | OK |
Version: 1.2.0
Check: DESCRIPTION meta-information
Result: NOTE
Missing dependency on R >= 4.1.0 because package code uses the pipe
|> or function shorthand \(...) syntax added in R 4.1.0.
File(s) using such syntax:
‘PowerRelation.R’ ‘SocialRanking.R’ ‘copeland.R’ ‘doRanking.Rd’
‘elementLookup.Rd’ ‘generator.R’ ‘makePowerRelationMonotonic.R’
Flavors: r-devel-linux-x86_64-debian-clang, r-devel-linux-x86_64-debian-gcc, r-devel-linux-x86_64-fedora-clang, r-devel-linux-x86_64-fedora-gcc, r-devel-windows-x86_64, r-patched-linux-x86_64, r-release-linux-x86_64, r-release-macos-arm64, r-release-macos-x86_64, r-release-windows-x86_64