CRAN Package Check Results for Package soiltexture

Last updated on 2025-04-30 04:50:20 CEST.

Flavor Version Tinstall Tcheck Ttotal Status Flags
r-devel-linux-x86_64-debian-clang 1.5.3 6.15 78.28 84.43 NOTE
r-devel-linux-x86_64-debian-gcc 1.5.3 4.57 56.47 61.04 OK
r-devel-linux-x86_64-fedora-clang 1.5.3 134.35 OK
r-devel-linux-x86_64-fedora-gcc 1.5.3 173.99 OK
r-devel-windows-x86_64 1.5.3 7.00 119.00 126.00 OK
r-patched-linux-x86_64 1.5.3 7.13 75.16 82.29 OK
r-release-linux-x86_64 1.5.3 6.09 74.40 80.49 OK
r-release-macos-arm64 1.5.3 103.00 OK
r-release-macos-x86_64 1.5.3 116.00 OK
r-release-windows-x86_64 1.5.3 7.00 124.00 131.00 OK
r-oldrel-macos-arm64 1.5.3 81.00 OK
r-oldrel-macos-x86_64 1.5.3 90.00 OK
r-oldrel-windows-x86_64 1.5.3 8.00 114.00 122.00 OK

Check Details

Version: 1.5.3
Check: examples
Result: NOTE Examples with CPU (user + system) or elapsed time > 5s user system elapsed TT.plot 5.161 0.472 6.642 Flavor: r-devel-linux-x86_64-debian-clang