Last updated on 2025-11-03 03:49:57 CET.
| Flavor | Version | Tinstall | Tcheck | Ttotal | Status | Flags | 
|---|---|---|---|---|---|---|
| r-devel-linux-x86_64-debian-clang | 1.0.0 | 2.17 | 22.55 | 24.72 | NOTE | |
| r-devel-linux-x86_64-debian-gcc | 1.0.0 | 1.70 | 18.68 | 20.38 | NOTE | |
| r-devel-linux-x86_64-fedora-clang | 1.0.0 | 36.11 | OK | |||
| r-devel-linux-x86_64-fedora-gcc | 1.0.0 | 34.64 | OK | |||
| r-devel-windows-x86_64 | 1.0.0 | 3.00 | 45.00 | 48.00 | OK | |
| r-patched-linux-x86_64 | 1.0.0 | 2.33 | 21.33 | 23.66 | OK | |
| r-release-linux-x86_64 | 1.0.0 | 2.07 | 21.52 | 23.59 | OK | |
| r-release-macos-arm64 | 1.0.0 | 1.00 | 14.00 | 15.00 | OK | |
| r-release-macos-x86_64 | 1.0.0 | 2.00 | 25.00 | 27.00 | OK | |
| r-release-windows-x86_64 | 1.0.0 | 3.00 | 44.00 | 47.00 | OK | |
| r-oldrel-macos-arm64 | 1.0.0 | 1.00 | 13.00 | 14.00 | NOTE | |
| r-oldrel-macos-x86_64 | 1.0.0 | 2.00 | 20.00 | 22.00 | NOTE | |
| r-oldrel-windows-x86_64 | 1.0.0 | 3.00 | 50.00 | 53.00 | NOTE | 
Version: 1.0.0
Check: CRAN incoming feasibility
Result: NOTE
  Maintainer: ‘Bijan Seyednasrollah <bijan.s.nasr@gmail.com>’
  
  No Authors@R field in DESCRIPTION.
  Please add one, modifying
    Authors@R: person(given = "Bijan",
                      family = "Seyednasrollah",
                      role = c("aut", "cre"),
                      email = "bijan.s.nasr@gmail.com")
  as necessary.
  
  Package CITATION file contains call(s) to old-style citEntry().  Please
  use bibentry() instead.
  
  Found the following \keyword or \concept entries
  which likely give several index terms:
    File ‘DayOfYear.Rd’:
      \keyword{DOY,}
Flavors: r-devel-linux-x86_64-debian-clang, r-devel-linux-x86_64-debian-gcc
Version: 1.0.0
Check: LazyData
Result: NOTE
    'LazyData' is specified without a 'data' directory
Flavors: r-oldrel-macos-arm64, r-oldrel-macos-x86_64, r-oldrel-windows-x86_64