CRAN Package Check Results for Package solrad

Last updated on 2025-04-30 04:50:20 CEST.

Flavor Version Tinstall Tcheck Ttotal Status Flags
r-devel-linux-x86_64-debian-clang 1.0.0 2.12 21.27 23.39 NOTE
r-devel-linux-x86_64-debian-gcc 1.0.0 1.69 17.21 18.90 NOTE
r-devel-linux-x86_64-fedora-clang 1.0.0 35.56 OK
r-devel-linux-x86_64-fedora-gcc 1.0.0 34.12 OK
r-devel-windows-x86_64 1.0.0 3.00 53.00 56.00 OK
r-patched-linux-x86_64 1.0.0 2.42 20.30 22.72 OK
r-release-linux-x86_64 1.0.0 2.10 20.45 22.55 OK
r-release-macos-arm64 1.0.0 15.00 OK
r-release-macos-x86_64 1.0.0 27.00 OK
r-release-windows-x86_64 1.0.0 3.00 49.00 52.00 OK
r-oldrel-macos-arm64 1.0.0 14.00 NOTE
r-oldrel-macos-x86_64 1.0.0 22.00 NOTE
r-oldrel-windows-x86_64 1.0.0 3.00 48.00 51.00 NOTE

Check Details

Version: 1.0.0
Check: CRAN incoming feasibility
Result: NOTE Maintainer: ‘Bijan Seyednasrollah <bijan.s.nasr@gmail.com>’ No Authors@R field in DESCRIPTION. Please add one, modifying Authors@R: person(given = "Bijan", family = "Seyednasrollah", role = c("aut", "cre"), email = "bijan.s.nasr@gmail.com") as necessary. Package CITATION file contains call(s) to old-style citEntry(). Please use bibentry() instead. Found the following \keyword or \concept entries which likely give several index terms: File ‘DayOfYear.Rd’: \keyword{DOY,} Flavors: r-devel-linux-x86_64-debian-clang, r-devel-linux-x86_64-debian-gcc

Version: 1.0.0
Check: LazyData
Result: NOTE 'LazyData' is specified without a 'data' directory Flavors: r-oldrel-macos-arm64, r-oldrel-macos-x86_64, r-oldrel-windows-x86_64