Last updated on 2025-04-30 04:50:20 CEST.
Flavor | Version | Tinstall | Tcheck | Ttotal | Status | Flags |
---|---|---|---|---|---|---|
r-devel-linux-x86_64-debian-clang | 4.4.1 | 97.88 | 119.47 | 217.35 | OK | --no-vignettes |
r-devel-linux-x86_64-debian-gcc | 4.4.1 | 72.97 | 83.23 | 156.20 | OK | --no-vignettes |
r-devel-linux-x86_64-fedora-clang | 4.4.1 | 338.53 | OK | |||
r-devel-linux-x86_64-fedora-gcc | 4.4.1 | 531.69 | OK | |||
r-devel-windows-x86_64 | 4.4.1 | 101.00 | 172.00 | 273.00 | OK | --no-vignettes |
r-patched-linux-x86_64 | 4.4.1 | 104.78 | 116.15 | 220.93 | OK | --no-vignettes |
r-release-linux-x86_64 | 4.4.1 | 101.46 | 114.80 | 216.26 | OK | --no-vignettes |
r-release-macos-arm64 | 4.4.1 | 151.00 | OK | |||
r-release-macos-x86_64 | 4.4.1 | 328.00 | OK | |||
r-release-windows-x86_64 | 4.4.1 | 98.00 | 160.00 | 258.00 | OK | --no-vignettes |
r-oldrel-macos-arm64 | 4.4.1 | 163.00 | NOTE | |||
r-oldrel-macos-x86_64 | 4.4.1 | 346.00 | NOTE | |||
r-oldrel-windows-x86_64 | 4.4.1 | 116.00 | 219.00 | 335.00 | NOTE | --no-vignettes |
Version: 4.4.1
Check: installed package size
Result: NOTE
installed size is 16.1Mb
sub-directories of 1Mb or more:
data 3.7Mb
libs 11.1Mb
Flavors: r-oldrel-macos-arm64, r-oldrel-macos-x86_64
Version: 4.4.1
Flags: --no-vignettes
Check: installed package size
Result: NOTE
installed size is 6.0Mb
sub-directories of 1Mb or more:
data 2.9Mb
libs 1.8Mb
Flavor: r-oldrel-windows-x86_64