Last updated on 2025-04-30 04:50:20 CEST.
Flavor | Version | Tinstall | Tcheck | Ttotal | Status | Flags |
---|---|---|---|---|---|---|
r-devel-linux-x86_64-debian-clang | 1.2.4 | 9.09 | 59.04 | 68.13 | NOTE | |
r-devel-linux-x86_64-debian-gcc | 1.2.4 | 6.42 | 42.34 | 48.76 | NOTE | |
r-devel-linux-x86_64-fedora-clang | 1.2.4 | 97.96 | OK | |||
r-devel-linux-x86_64-fedora-gcc | 1.2.4 | 106.37 | OK | |||
r-devel-windows-x86_64 | 1.2.4 | 11.00 | 85.00 | 96.00 | NOTE | |
r-patched-linux-x86_64 | 1.2.4 | 9.30 | 54.81 | 64.11 | NOTE | |
r-release-linux-x86_64 | 1.2.4 | 9.23 | 55.05 | 64.28 | NOTE | |
r-release-macos-arm64 | 1.2.4 | 40.00 | OK | |||
r-release-macos-x86_64 | 1.2.4 | 77.00 | OK | |||
r-release-windows-x86_64 | 1.2.4 | 11.00 | 78.00 | 89.00 | NOTE | |
r-oldrel-macos-arm64 | 1.2.4 | 42.00 | OK | |||
r-oldrel-macos-x86_64 | 1.2.4 | 69.00 | OK | |||
r-oldrel-windows-x86_64 | 1.2.4 | 13.00 | 93.00 | 106.00 | OK |
Version: 1.2.4
Check: Rd cross-references
Result: NOTE
Found the following Rd file(s) with Rd \link{} targets missing package
anchors:
somsp.Rd: kohonen
somspa.Rd: kohonen, som
Please provide package anchors for all Rd \link{} targets not in the
package itself and the base packages.
Flavors: r-devel-linux-x86_64-debian-clang, r-devel-linux-x86_64-debian-gcc, r-devel-windows-x86_64, r-patched-linux-x86_64, r-release-linux-x86_64, r-release-windows-x86_64