Last updated on 2025-04-30 04:50:20 CEST.
Flavor | Version | Tinstall | Tcheck | Ttotal | Status | Flags |
---|---|---|---|---|---|---|
r-devel-linux-x86_64-debian-clang | 1.1.0 | 58.36 | 35.03 | 93.39 | OK | |
r-devel-linux-x86_64-debian-gcc | 1.1.0 | 54.33 | 27.14 | 81.47 | OK | |
r-devel-linux-x86_64-fedora-clang | 1.1.0 | 151.97 | OK | |||
r-devel-linux-x86_64-fedora-gcc | 1.1.0 | 187.11 | OK | |||
r-devel-windows-x86_64 | 1.1.0 | 70.00 | 93.00 | 163.00 | OK | |
r-patched-linux-x86_64 | 1.1.0 | 67.83 | 33.64 | 101.47 | OK | |
r-release-linux-x86_64 | 1.1.0 | 66.89 | 33.78 | 100.67 | OK | |
r-release-macos-arm64 | 1.1.0 | 78.00 | OK | |||
r-release-macos-x86_64 | 1.1.0 | 128.00 | OK | |||
r-release-windows-x86_64 | 1.1.0 | 70.00 | 91.00 | 161.00 | OK | |
r-oldrel-macos-arm64 | 1.1.0 | 64.00 | NOTE | |||
r-oldrel-macos-x86_64 | 1.1.0 | 136.00 | NOTE | |||
r-oldrel-windows-x86_64 | 1.1.0 | 80.00 | 99.00 | 179.00 | OK |
Version: 1.1.0
Check: installed package size
Result: NOTE
installed size is 7.8Mb
sub-directories of 1Mb or more:
libs 7.3Mb
Flavors: r-oldrel-macos-arm64, r-oldrel-macos-x86_64