Last updated on 2025-04-30 04:50:20 CEST.
Flavor | Version | Tinstall | Tcheck | Ttotal | Status | Flags |
---|---|---|---|---|---|---|
r-devel-linux-x86_64-debian-clang | 1.2.1 | 26.79 | 87.16 | 113.95 | NOTE | |
r-devel-linux-x86_64-debian-gcc | 1.2.1 | 23.47 | 62.22 | 85.69 | NOTE | |
r-devel-linux-x86_64-fedora-clang | 1.2.1 | 187.30 | OK | |||
r-devel-linux-x86_64-fedora-gcc | 1.2.1 | 21.30 | ERROR | |||
r-devel-windows-x86_64 | 1.2.1 | 41.00 | 123.00 | 164.00 | OK | |
r-patched-linux-x86_64 | 1.2.1 | 32.47 | 87.55 | 120.02 | OK | |
r-release-linux-x86_64 | 1.2.1 | 33.57 | 83.96 | 117.53 | OK | |
r-release-macos-arm64 | 1.2.1 | 57.00 | OK | |||
r-release-macos-x86_64 | 1.2.1 | 119.00 | OK | |||
r-release-windows-x86_64 | 1.2.1 | 40.00 | 125.00 | 165.00 | OK | |
r-oldrel-macos-arm64 | 1.2.1 | 53.00 | OK | |||
r-oldrel-macos-x86_64 | 1.2.1 | 109.00 | OK | |||
r-oldrel-windows-x86_64 | 1.2.1 | 44.00 | 148.00 | 192.00 | OK |
Version: 1.2.1
Check: examples
Result: NOTE
Examples with CPU (user + system) or elapsed time > 5s
user system elapsed
sox_cv 7.878 0.002 10.445
plot.sox 4.465 0.007 5.963
Flavor: r-devel-linux-x86_64-debian-clang
Version: 1.2.1
Check: examples
Result: NOTE
Examples with CPU (user + system) or elapsed time > 5s
user system elapsed
sox_cv 4.822 0.013 5.64
Flavor: r-devel-linux-x86_64-debian-gcc
Version: 1.2.1
Check: whether package can be installed
Result: ERROR
Installation failed.
Flavor: r-devel-linux-x86_64-fedora-gcc