Last updated on 2025-04-30 04:50:20 CEST.
Flavor | Version | Tinstall | Tcheck | Ttotal | Status | Flags |
---|---|---|---|---|---|---|
r-devel-linux-x86_64-debian-clang | 2.2-0 | 20.27 | 199.17 | 219.44 | OK | |
r-devel-linux-x86_64-debian-gcc | 2.2-0 | 13.03 | 143.62 | 156.65 | OK | |
r-devel-linux-x86_64-fedora-clang | 2.2-0 | 325.65 | OK | |||
r-devel-linux-x86_64-fedora-gcc | 2.2-0 | 323.95 | OK | |||
r-devel-windows-x86_64 | 2.2-0 | 26.00 | 236.00 | 262.00 | OK | |
r-patched-linux-x86_64 | 2.2-0 | 21.29 | 191.40 | 212.69 | OK | |
r-release-linux-x86_64 | 2.2-0 | 17.26 | 189.60 | 206.86 | OK | |
r-release-macos-arm64 | 2.2-0 | 86.00 | OK | |||
r-release-macos-x86_64 | 2.2-0 | 181.00 | OK | |||
r-release-windows-x86_64 | 2.2-0 | 24.00 | 234.00 | 258.00 | OK | |
r-oldrel-macos-arm64 | 2.2-0 | 101.00 | NOTE | |||
r-oldrel-macos-x86_64 | 2.2-0 | 287.00 | NOTE | |||
r-oldrel-windows-x86_64 | 2.2-0 | 32.00 | 261.00 | 293.00 | NOTE |
Version: 2.2-0
Check: installed package size
Result: NOTE
installed size is 9.2Mb
sub-directories of 1Mb or more:
doc 7.6Mb
Flavors: r-oldrel-macos-arm64, r-oldrel-macos-x86_64, r-oldrel-windows-x86_64