Last updated on 2025-04-30 04:50:20 CEST.
Flavor | Version | Tinstall | Tcheck | Ttotal | Status | Flags |
---|---|---|---|---|---|---|
r-devel-linux-x86_64-debian-clang | 1.3 | 160.23 | 83.69 | 243.92 | NOTE | |
r-devel-linux-x86_64-debian-gcc | 1.3 | 115.33 | 61.80 | 177.13 | NOTE | |
r-devel-linux-x86_64-fedora-clang | 1.3 | 471.70 | OK | |||
r-devel-linux-x86_64-fedora-gcc | 1.3 | 460.61 | OK | |||
r-devel-windows-x86_64 | 1.3 | 185.00 | 117.00 | 302.00 | OK | |
r-patched-linux-x86_64 | 1.3 | 166.19 | 79.85 | 246.04 | OK | |
r-release-linux-x86_64 | 1.3 | 162.06 | 80.16 | 242.22 | OK | |
r-release-macos-arm64 | 1.3 | 168.00 | OK | |||
r-release-macos-x86_64 | 1.3 | 150.00 | OK | |||
r-release-windows-x86_64 | 1.3 | 189.00 | 120.00 | 309.00 | OK | |
r-oldrel-macos-arm64 | 1.3 | 102.00 | NOTE | |||
r-oldrel-macos-x86_64 | 1.3 | 153.00 | NOTE | |||
r-oldrel-windows-x86_64 | 1.3 | 209.00 | 140.00 | 349.00 | OK |
Version: 1.3
Check: CRAN incoming feasibility
Result: NOTE
Maintainer: ‘Samuel I. Berchuck <sib2@duke.edu>’
The Description field contains
Spatial Surfaces", by Berchuck et al (2019), <arXiv:1911.04337>. The
Please refer to arXiv e-prints via their arXiv DOI <doi:10.48550/arXiv.YYMM.NNNNN>.
Flavors: r-devel-linux-x86_64-debian-clang, r-devel-linux-x86_64-debian-gcc
Version: 1.3
Check: installed package size
Result: NOTE
installed size is 13.4Mb
sub-directories of 1Mb or more:
data 3.3Mb
libs 9.5Mb
Flavors: r-oldrel-macos-arm64, r-oldrel-macos-x86_64