Last updated on 2025-04-30 04:50:20 CEST.
Flavor | Version | Tinstall | Tcheck | Ttotal | Status | Flags |
---|---|---|---|---|---|---|
r-devel-linux-x86_64-debian-clang | 1.1.8 | 391.62 | 73.69 | 465.31 | NOTE | |
r-devel-linux-x86_64-debian-gcc | 1.1.8 | 274.47 | 50.09 | 324.56 | NOTE | |
r-devel-linux-x86_64-fedora-clang | 1.1.8 | 836.79 | OK | |||
r-devel-linux-x86_64-fedora-gcc | 1.1.8 | 872.61 | OK | |||
r-devel-windows-x86_64 | 1.1.8 | 391.00 | 135.00 | 526.00 | NOTE | |
r-patched-linux-x86_64 | 1.1.8 | 394.97 | 69.61 | 464.58 | NOTE | |
r-release-linux-x86_64 | 1.1.8 | 400.48 | 69.28 | 469.76 | NOTE | |
r-release-macos-arm64 | 1.1.8 | 175.00 | OK | |||
r-release-macos-x86_64 | 1.1.8 | 164.00 | OK | |||
r-release-windows-x86_64 | 1.1.8 | 392.00 | 132.00 | 524.00 | NOTE | |
r-oldrel-macos-arm64 | 1.1.8 | 162.00 | NOTE | |||
r-oldrel-macos-x86_64 | 1.1.8 | 175.00 | NOTE | |||
r-oldrel-windows-x86_64 | 1.1.8 | 438.00 | 154.00 | 592.00 | OK |
Version: 1.1.8
Check: Rd cross-references
Result: NOTE
Found the following Rd file(s) with Rd \link{} targets missing package
anchors:
SpatDensReg.Rd: Surv
SuperSurvRegBayes.Rd: Surv
anovaDDP.Rd: Surv
cox.snell.survregbayes.Rd: Surv
frailtyGAFT.Rd: Surv, rdist
indeptCoxph.Rd: Surv
spCopulaCoxph.Rd: Surv
spCopulaDDP.Rd: Surv
survregbayes.Rd: Surv, rdist, rdist.earth
Please provide package anchors for all Rd \link{} targets not in the
package itself and the base packages.
Flavors: r-devel-linux-x86_64-debian-clang, r-devel-linux-x86_64-debian-gcc, r-devel-windows-x86_64, r-patched-linux-x86_64, r-release-linux-x86_64, r-release-windows-x86_64
Version: 1.1.8
Check: examples
Result: NOTE
Examples with CPU (user + system) or elapsed time > 5s
user system elapsed
SpatDensReg 3.76 0.067 5.004
Flavor: r-devel-linux-x86_64-debian-clang
Version: 1.1.8
Check: installed package size
Result: NOTE
installed size is 22.5Mb
sub-directories of 1Mb or more:
libs 21.6Mb
Flavors: r-oldrel-macos-arm64, r-oldrel-macos-x86_64