Last updated on 2025-04-30 04:50:20 CEST.
Flavor | Version | Tinstall | Tcheck | Ttotal | Status | Flags |
---|---|---|---|---|---|---|
r-devel-linux-x86_64-debian-clang | 1.3 | 160.85 | 224.06 | 384.91 | NOTE | |
r-devel-linux-x86_64-debian-gcc | 1.3 | 112.77 | 154.62 | 267.39 | NOTE | |
r-devel-linux-x86_64-fedora-clang | 1.3 | 652.08 | OK | |||
r-devel-linux-x86_64-fedora-gcc | 1.3 | 641.62 | OK | |||
r-devel-windows-x86_64 | 1.3 | 187.00 | 252.00 | 439.00 | OK | |
r-patched-linux-x86_64 | 1.3 | 158.06 | 209.32 | 367.38 | OK | |
r-release-linux-x86_64 | 1.3 | 161.08 | 228.90 | 389.98 | OK | |
r-release-macos-arm64 | 1.3 | 308.00 | OK | |||
r-release-macos-x86_64 | 1.3 | 333.00 | OK | |||
r-release-windows-x86_64 | 1.3 | 189.00 | 247.00 | 436.00 | OK | |
r-oldrel-macos-arm64 | 1.3 | 233.00 | NOTE | |||
r-oldrel-macos-x86_64 | 1.3 | 306.00 | NOTE | |||
r-oldrel-windows-x86_64 | 1.3 | 206.00 | 388.00 | 594.00 | OK |
Version: 1.3
Check: CRAN incoming feasibility
Result: NOTE
Maintainer: ‘Samuel I. Berchuck <sib2@duke.edu>’
The Description field contains
visual field data", <arXiv:1811.11038>.
Please refer to arXiv e-prints via their arXiv DOI <doi:10.48550/arXiv.YYMM.NNNNN>.
Flavors: r-devel-linux-x86_64-debian-clang, r-devel-linux-x86_64-debian-gcc
Version: 1.3
Check: installed package size
Result: NOTE
installed size is 8.8Mb
sub-directories of 1Mb or more:
libs 8.1Mb
Flavors: r-oldrel-macos-arm64, r-oldrel-macos-x86_64