CRAN Package Check Results for Package spDates

Last updated on 2025-04-30 04:50:20 CEST.

Flavor Version Tinstall Tcheck Ttotal Status Flags
r-devel-linux-x86_64-debian-clang 1.1 13.01 106.10 119.11 NOTE
r-devel-linux-x86_64-debian-gcc 1.1 9.26 76.51 85.77 OK
r-devel-linux-x86_64-fedora-clang 1.1 188.87 OK
r-devel-linux-x86_64-fedora-gcc 1.1 179.85 OK
r-devel-windows-x86_64 1.1 14.00 114.00 128.00 OK
r-patched-linux-x86_64 1.1 11.70 99.68 111.38 OK
r-release-linux-x86_64 1.1 11.79 99.83 111.62 OK
r-release-macos-arm64 1.1 48.00 OK
r-release-macos-x86_64 1.1 91.00 OK
r-release-windows-x86_64 1.1 14.00 109.00 123.00 OK
r-oldrel-macos-arm64 1.1 46.00 NOTE
r-oldrel-macos-x86_64 1.1 81.00 NOTE
r-oldrel-windows-x86_64 1.1 18.00 134.00 152.00 NOTE

Check Details

Version: 1.1
Check: examples
Result: NOTE Examples with CPU (user + system) or elapsed time > 5s user system elapsed modelDates 0.51 0.088 7.305 Flavor: r-devel-linux-x86_64-debian-clang

Version: 1.1
Check: installed package size
Result: NOTE installed size is 5.9Mb sub-directories of 1Mb or more: data 4.3Mb help 1.5Mb Flavors: r-oldrel-macos-arm64, r-oldrel-macos-x86_64, r-oldrel-windows-x86_64