Last updated on 2025-04-30 04:50:20 CEST.
Flavor | Version | Tinstall | Tcheck | Ttotal | Status | Flags |
---|---|---|---|---|---|---|
r-devel-linux-x86_64-debian-clang | 0.2.3 | 64.21 | 84.60 | 148.81 | OK | |
r-devel-linux-x86_64-debian-gcc | 0.2.3 | 55.69 | 66.99 | 122.68 | OK | |
r-devel-linux-x86_64-fedora-clang | 0.2.3 | 258.54 | OK | |||
r-devel-linux-x86_64-fedora-gcc | 0.2.3 | 300.82 | OK | |||
r-devel-windows-x86_64 | 0.2.3 | 69.00 | 129.00 | 198.00 | OK | |
r-patched-linux-x86_64 | 0.2.3 | 73.59 | 87.36 | 160.95 | OK | |
r-release-linux-x86_64 | 0.2.3 | 66.99 | 87.11 | 154.10 | OK | |
r-release-macos-arm64 | 0.2.3 | 85.00 | OK | |||
r-release-macos-x86_64 | 0.2.3 | 121.00 | OK | |||
r-release-windows-x86_64 | 0.2.3 | 68.00 | 132.00 | 200.00 | OK | |
r-oldrel-macos-arm64 | 0.2.3 | 73.00 | NOTE | |||
r-oldrel-macos-x86_64 | 0.2.3 | 138.00 | NOTE | |||
r-oldrel-windows-x86_64 | 0.2.3 | 77.00 | 146.00 | 223.00 | OK |
Version: 0.2.3
Check: installed package size
Result: NOTE
installed size is 27.7Mb
sub-directories of 1Mb or more:
libs 27.3Mb
Flavors: r-oldrel-macos-arm64, r-oldrel-macos-x86_64