Last updated on 2025-11-04 03:51:09 CET.
| Flavor | Version | Tinstall | Tcheck | Ttotal | Status | Flags | 
|---|---|---|---|---|---|---|
| r-devel-linux-x86_64-debian-clang | 0.8.0 | 150.66 | 360.72 | 511.38 | OK | |
| r-devel-linux-x86_64-debian-gcc | 0.8.0 | 113.62 | 218.91 | 332.53 | OK | |
| r-devel-linux-x86_64-fedora-clang | 0.8.0 | 409.00 | 448.24 | 857.24 | OK | |
| r-devel-linux-x86_64-fedora-gcc | 0.8.0 | 366.00 | 433.50 | 799.50 | OK | |
| r-devel-windows-x86_64 | 0.8.0 | 168.00 | 338.00 | 506.00 | OK | |
| r-patched-linux-x86_64 | 0.8.0 | 160.38 | 336.23 | 496.61 | OK | |
| r-release-linux-x86_64 | 0.8.0 | 151.02 | 329.40 | 480.42 | OK | |
| r-release-macos-arm64 | 0.8.0 | 68.00 | 114.00 | 182.00 | OK | |
| r-release-macos-x86_64 | 0.8.0 | 100.00 | 268.00 | 368.00 | OK | |
| r-release-windows-x86_64 | 0.8.0 | 163.00 | 335.00 | 498.00 | OK | |
| r-oldrel-macos-arm64 | 0.8.0 | 57.00 | 117.00 | 174.00 | NOTE | |
| r-oldrel-macos-x86_64 | 0.8.0 | 90.00 | 230.00 | 320.00 | NOTE | |
| r-oldrel-windows-x86_64 | 0.8.0 | 205.00 | 435.00 | 640.00 | OK | 
Version: 0.8.0
Check: installed package size
Result: NOTE
    installed size is  6.6Mb
    sub-directories of 1Mb or more:
      R      2.0Mb
      libs   3.2Mb
Flavors: r-oldrel-macos-arm64, r-oldrel-macos-x86_64