CRAN Package Check Results for Package spTimer

Last updated on 2025-04-30 04:50:20 CEST.

Flavor Version Tinstall Tcheck Ttotal Status Flags
r-devel-linux-x86_64-debian-clang 3.3.3 24.17 85.26 109.43 NOTE
r-devel-linux-x86_64-debian-gcc 3.3.3 16.39 56.65 73.04 NOTE
r-devel-linux-x86_64-fedora-clang 3.3.3 174.07 OK
r-devel-linux-x86_64-fedora-gcc 3.3.3 166.70 OK
r-devel-windows-x86_64 3.3.3 31.00 100.00 131.00 OK
r-patched-linux-x86_64 3.3.3 19.80 81.67 101.47 NOTE
r-release-linux-x86_64 3.3.3 22.80 80.58 103.38 NOTE
r-release-macos-arm64 3.3.3 51.00 OK
r-release-macos-x86_64 3.3.3 91.00 OK
r-release-windows-x86_64 3.3.3 31.00 99.00 130.00 OK
r-oldrel-macos-arm64 3.3.3 45.00 OK
r-oldrel-macos-x86_64 3.3.3 104.00 OK
r-oldrel-windows-x86_64 3.3.3 36.00 115.00 151.00 OK

Check Details

Version: 3.3.3
Check: for unstated dependencies in ‘demo’
Result: NOTE 'library' or 'require' calls not declared from: ‘MBA’ ‘akima’ ‘colorspace’ ‘fields’ ‘maps’ Flavors: r-devel-linux-x86_64-debian-clang, r-devel-linux-x86_64-debian-gcc, r-patched-linux-x86_64, r-release-linux-x86_64