CRAN Package Check Results for Package spaero

Last updated on 2025-04-30 04:50:20 CEST.

Flavor Version Tinstall Tcheck Ttotal Status Flags
r-devel-linux-x86_64-debian-clang 0.6.0 1.95 56.06 58.01 OK
r-devel-linux-x86_64-debian-gcc 0.6.0 1.54 41.61 43.15 OK
r-devel-linux-x86_64-fedora-clang 0.6.0 91.71 NOTE
r-devel-linux-x86_64-fedora-gcc 0.6.0 111.35 NOTE
r-devel-windows-x86_64 0.6.0 3.00 124.00 127.00 OK
r-patched-linux-x86_64 0.6.0 1.93 51.02 52.95 OK
r-release-linux-x86_64 0.6.0 1.79 51.48 53.27 OK
r-release-macos-arm64 0.6.0 49.00 OK
r-release-macos-x86_64 0.6.0 87.00 OK
r-release-windows-x86_64 0.6.0 3.00 121.00 124.00 OK
r-oldrel-macos-arm64 0.6.0 44.00 NOTE
r-oldrel-macos-x86_64 0.6.0 66.00 NOTE
r-oldrel-windows-x86_64 0.6.0 3.00 119.00 122.00 NOTE

Check Details

Version: 0.6.0
Check: dependencies in R code
Result: NOTE Namespace in Imports field not imported from: ‘utils’ All declared Imports should be used. Flavors: r-devel-linux-x86_64-fedora-clang, r-devel-linux-x86_64-fedora-gcc

Version: 0.6.0
Check: LazyData
Result: NOTE 'LazyData' is specified without a 'data' directory Flavors: r-oldrel-macos-arm64, r-oldrel-macos-x86_64, r-oldrel-windows-x86_64