Last updated on 2025-04-30 04:50:20 CEST.
Flavor | Version | Tinstall | Tcheck | Ttotal | Status | Flags |
---|---|---|---|---|---|---|
r-devel-linux-x86_64-debian-clang | 0.4.2 | 1.74 | 19.59 | 21.33 | NOTE | |
r-devel-linux-x86_64-debian-gcc | 0.4.2 | 1.44 | 15.83 | 17.27 | NOTE | |
r-devel-linux-x86_64-fedora-clang | 0.4.2 | 33.61 | OK | |||
r-devel-linux-x86_64-fedora-gcc | 0.4.2 | 31.20 | OK | |||
r-devel-windows-x86_64 | 0.4.2 | 3.00 | 46.00 | 49.00 | OK | |
r-patched-linux-x86_64 | 0.4.2 | 1.98 | 18.36 | 20.34 | OK | |
r-release-linux-x86_64 | 0.4.2 | 1.74 | 19.03 | 20.77 | OK | |
r-release-macos-arm64 | 0.4.2 | 16.00 | OK | |||
r-release-macos-x86_64 | 0.4.2 | 24.00 | OK | |||
r-release-windows-x86_64 | 0.4.2 | 3.00 | 44.00 | 47.00 | OK | |
r-oldrel-macos-arm64 | 0.4.2 | 16.00 | OK | |||
r-oldrel-macos-x86_64 | 0.4.2 | 21.00 | OK | |||
r-oldrel-windows-x86_64 | 0.4.2 | 3.00 | 43.00 | 46.00 | OK |
Version: 0.4.2
Check: CRAN incoming feasibility
Result: NOTE
Maintainer: ‘Jose Manuel Vera Oteo <vera.josemanuel@gmail.com>’
Found the following \keyword or \concept entries
which likely give several index terms:
File ‘geocode_cadastral.Rd’:
\keyword{cadastre,}
\keyword{geocoding,}
\keyword{latitude,}
\keyword{longitude,}
File ‘to_number.Rd’:
\keyword{currency,}
\keyword{euros,}
\keyword{money,}
File ‘to_words.Rd’:
\keyword{integers,}
\keyword{money,}
\keyword{spanish,}
Flavors: r-devel-linux-x86_64-debian-clang, r-devel-linux-x86_64-debian-gcc