CRAN Package Check Results for Package sparktf

Last updated on 2025-02-21 03:52:27 CET.

Flavor Version Tinstall Tcheck Ttotal Status Flags
r-devel-linux-x86_64-debian-clang 0.1.0 5.99 52.65 58.64 OK
r-devel-linux-x86_64-debian-gcc 0.1.0 4.12 37.52 41.64 OK
r-devel-linux-x86_64-fedora-clang 0.1.0 94.93 OK
r-devel-linux-x86_64-fedora-gcc 0.1.0 85.73 OK
r-devel-macos-arm64 0.1.0 30.00 OK
r-devel-macos-x86_64 0.1.0 55.00 OK
r-devel-windows-x86_64 0.1.0 9.00 68.00 77.00 OK
r-patched-linux-x86_64 0.1.0 5.78 48.75 54.53 NOTE
r-release-linux-x86_64 0.1.0 5.86 48.84 54.70 NOTE
r-release-macos-arm64 0.1.0 28.00 NOTE
r-release-macos-x86_64 0.1.0 44.00 NOTE
r-release-windows-x86_64 0.1.0 6.00 70.00 76.00 NOTE
r-oldrel-macos-arm64 0.1.0 31.00 NOTE
r-oldrel-macos-x86_64 0.1.0 56.00 NOTE
r-oldrel-windows-x86_64 0.1.0 9.00 84.00 93.00 NOTE

Check Details

Version: 0.1.0
Check: LazyData
Result: NOTE 'LazyData' is specified without a 'data' directory Flavors: r-patched-linux-x86_64, r-release-linux-x86_64, r-release-macos-arm64, r-release-macos-x86_64, r-release-windows-x86_64, r-oldrel-macos-arm64, r-oldrel-macos-x86_64, r-oldrel-windows-x86_64