Last updated on 2025-04-30 04:50:20 CEST.
Flavor | Version | Tinstall | Tcheck | Ttotal | Status | Flags |
---|---|---|---|---|---|---|
r-devel-linux-x86_64-debian-clang | 2.3-16 | 14.71 | 116.55 | 131.26 | NOTE | |
r-devel-linux-x86_64-debian-gcc | 2.3-16 | 12.67 | 86.79 | 99.46 | OK | |
r-devel-linux-x86_64-fedora-clang | 2.3-16 | 215.24 | OK | |||
r-devel-linux-x86_64-fedora-gcc | 2.3-16 | 204.82 | OK | |||
r-devel-windows-x86_64 | 2.3-16 | 16.00 | 136.00 | 152.00 | OK | |
r-patched-linux-x86_64 | 2.3-16 | 16.52 | 110.42 | 126.94 | OK | |
r-release-linux-x86_64 | 2.3-16 | 12.99 | 111.91 | 124.90 | OK | |
r-release-macos-arm64 | 2.3-16 | 70.00 | OK | |||
r-release-macos-x86_64 | 2.3-16 | 184.00 | OK | |||
r-release-windows-x86_64 | 2.3-16 | 16.00 | 127.00 | 143.00 | OK | |
r-oldrel-macos-arm64 | 2.3-16 | 77.00 | OK | |||
r-oldrel-macos-x86_64 | 2.3-16 | 179.00 | OK | |||
r-oldrel-windows-x86_64 | 2.3-16 | 19.00 | 148.00 | 167.00 | OK |
Version: 2.3-16
Check: examples
Result: NOTE
Examples with CPU (user + system) or elapsed time > 5s
user system elapsed
risk 4.056 0.223 5.591
Flavor: r-devel-linux-x86_64-debian-clang