Last updated on 2025-02-21 03:52:27 CET.
Flavor | Version | Tinstall | Tcheck | Ttotal | Status | Flags |
---|---|---|---|---|---|---|
r-devel-linux-x86_64-debian-clang | 0.2.8 | 40.79 | 357.22 | 398.01 | NOTE | |
r-devel-linux-x86_64-debian-gcc | 0.2.8 | 28.78 | 242.89 | 271.67 | NOTE | |
r-devel-linux-x86_64-fedora-clang | 0.2.8 | 672.52 | OK | |||
r-devel-linux-x86_64-fedora-gcc | 0.2.8 | 669.20 | OK | |||
r-devel-macos-arm64 | 0.2.8 | 290.00 | OK | |||
r-devel-macos-x86_64 | 0.2.8 | 350.00 | OK | |||
r-devel-windows-x86_64 | 0.2.8 | 26.00 | 283.00 | 309.00 | NOTE | |
r-patched-linux-x86_64 | 0.2.8 | 46.93 | 328.80 | 375.73 | OK | |
r-release-linux-x86_64 | 0.2.8 | 36.12 | 329.25 | 365.37 | OK | |
r-release-macos-arm64 | 0.2.8 | 290.00 | OK | |||
r-release-macos-x86_64 | 0.2.8 | 286.00 | OK | |||
r-release-windows-x86_64 | 0.2.8 | 25.00 | 255.00 | 280.00 | OK | |
r-oldrel-macos-arm64 | 0.2.8 | 141.00 | OK | |||
r-oldrel-macos-x86_64 | 0.2.8 | 357.00 | OK | |||
r-oldrel-windows-x86_64 | 0.2.8 | 36.00 | 307.00 | 343.00 | OK |
Version: 0.2.8
Check: Rd cross-references
Result: NOTE
Found the following Rd file(s) with Rd \link{} targets missing package
anchors:
sparrpowR-package.Rd: sparr, spatstat.random, spatstat.geom, terra,
doFuture, doRNG
spatial_data.Rd: spatstat.random
spatial_power.Rd: spatstat.random
Please provide package anchors for all Rd \link{} targets not in the
package itself and the base packages.
Flavors: r-devel-linux-x86_64-debian-clang, r-devel-linux-x86_64-debian-gcc, r-devel-windows-x86_64