CRAN Package Check Results for Package sparseBC

Last updated on 2025-04-30 04:50:20 CEST.

Flavor Version Tinstall Tcheck Ttotal Status Flags
r-devel-linux-x86_64-debian-clang 1.2 4.05 46.20 50.25 NOTE
r-devel-linux-x86_64-debian-gcc 1.2 3.71 33.08 36.79 NOTE
r-devel-linux-x86_64-fedora-clang 1.2 79.26 OK
r-devel-linux-x86_64-fedora-gcc 1.2 75.65 OK
r-devel-windows-x86_64 1.2 6.00 66.00 72.00 OK
r-patched-linux-x86_64 1.2 5.38 43.66 49.04 OK
r-release-linux-x86_64 1.2 5.12 43.86 48.98 OK
r-release-macos-arm64 1.2 32.00 OK
r-release-macos-x86_64 1.2 44.00 OK
r-release-windows-x86_64 1.2 6.00 69.00 75.00 OK
r-oldrel-macos-arm64 1.2 27.00 OK
r-oldrel-macos-x86_64 1.2 40.00 OK
r-oldrel-windows-x86_64 1.2 7.00 71.00 78.00 OK

Check Details

Version: 1.2
Check: CRAN incoming feasibility
Result: NOTE Maintainer: ‘Kean Ming Tan <keanming@u.washington.edu>’ No Authors@R field in DESCRIPTION. Please add one, modifying Authors@R: person(given = c("Kean", "Ming"), family = "Tan", role = c("aut", "cre"), email = "keanming@u.washington.edu") as necessary. File 'R/sparseBC-internal.R' sets .Random.seed. This is usually neither needed nor wanted. Flavors: r-devel-linux-x86_64-debian-clang, r-devel-linux-x86_64-debian-gcc