CRAN Package Check Results for Package sparsestep

Last updated on 2025-04-30 04:50:20 CEST.

Flavor Version Tinstall Tcheck Ttotal Status Flags
r-devel-linux-x86_64-debian-clang 1.0.1 5.16 52.24 57.40 NOTE
r-devel-linux-x86_64-debian-gcc 1.0.1 4.65 39.42 44.07 NOTE
r-devel-linux-x86_64-fedora-clang 1.0.1 90.46 OK
r-devel-linux-x86_64-fedora-gcc 1.0.1 85.77 OK
r-devel-windows-x86_64 1.0.1 6.00 70.00 76.00 OK
r-patched-linux-x86_64 1.0.1 6.28 49.71 55.99 OK
r-release-linux-x86_64 1.0.1 6.37 49.94 56.31 OK
r-release-macos-arm64 1.0.1 32.00 OK
r-release-macos-x86_64 1.0.1 54.00 OK
r-release-windows-x86_64 1.0.1 7.00 67.00 74.00 OK
r-oldrel-macos-arm64 1.0.1 30.00 OK
r-oldrel-macos-x86_64 1.0.1 44.00 OK
r-oldrel-windows-x86_64 1.0.1 8.00 76.00 84.00 OK

Check Details

Version: 1.0.1
Check: CRAN incoming feasibility
Result: NOTE Maintainer: ‘Gertjan van den Burg <gertjanvandenburg@gmail.com>’ Package CITATION file contains call(s) to old-style personList() or as.personList(). Please use c() on person objects instead. The Description field contains <arXiv:1701.06967>. In the model, a regularization term is added to the Please refer to arXiv e-prints via their arXiv DOI <doi:10.48550/arXiv.YYMM.NNNNN>. The BugReports field in DESCRIPTION has https://github.com/GjjvdBurg/SparseStep which should likely be https://github.com/GjjvdBurg/SparseStep/issues instead. Flavors: r-devel-linux-x86_64-debian-clang, r-devel-linux-x86_64-debian-gcc