CRAN Package Check Results for Package spate

Last updated on 2025-04-30 04:50:20 CEST.

Flavor Version Tinstall Tcheck Ttotal Status Flags
r-devel-linux-x86_64-debian-clang 1.7.5 7.43 59.54 66.97 NOTE
r-devel-linux-x86_64-debian-gcc 1.7.5 5.23 42.66 47.89 NOTE
r-devel-linux-x86_64-fedora-clang 1.7.5 111.25 OK
r-devel-linux-x86_64-fedora-gcc 1.7.5 116.14 OK
r-devel-windows-x86_64 1.7.5 15.00 106.00 121.00 OK
r-patched-linux-x86_64 1.7.5 6.76 56.97 63.73 OK
r-release-linux-x86_64 1.7.5 6.50 57.46 63.96 OK
r-release-macos-arm64 1.7.5 44.00 OK
r-release-macos-x86_64 1.7.5 89.00 OK
r-release-windows-x86_64 1.7.5 15.00 104.00 119.00 OK
r-oldrel-macos-arm64 1.7.5 40.00 OK
r-oldrel-macos-x86_64 1.7.5 78.00 OK
r-oldrel-windows-x86_64 1.7.5 16.00 109.00 125.00 OK

Check Details

Version: 1.7.5
Check: CRAN incoming feasibility
Result: NOTE Maintainer: ‘Fabio Sigrist <fabiosigrist@gmail.com>’ No Authors@R field in DESCRIPTION. Please add one, modifying Authors@R: c(person(given = "Fabio", family = "Sigrist", role = c("aut", "cre"), email = "fabiosigrist@gmail.com"), person(given = c("Hans", "R."), family = "Kuensch", role = "aut"), person(given = c("Werner", "A."), family = "Stahel", role = "aut")) as necessary. Flavors: r-devel-linux-x86_64-debian-clang, r-devel-linux-x86_64-debian-gcc