CRAN Package Check Results for Package spatgeom

Last updated on 2025-04-30 04:50:20 CEST.

Flavor Version Tinstall Tcheck Ttotal Status Flags
r-devel-linux-x86_64-debian-clang 0.3.0 2.16 30.12 32.28 NOTE
r-devel-linux-x86_64-debian-gcc 0.3.0 1.49 22.53 24.02 OK
r-devel-linux-x86_64-fedora-clang 0.3.0 51.75 OK
r-devel-linux-x86_64-fedora-gcc 0.3.0 46.79 OK
r-devel-windows-x86_64 0.3.0 4.00 51.00 55.00 OK
r-patched-linux-x86_64 0.3.0 2.22 28.32 30.54 OK
r-release-linux-x86_64 0.3.0 2.13 28.59 30.72 OK
r-release-macos-arm64 0.3.0 19.00 OK
r-release-macos-x86_64 0.3.0 34.00 OK
r-release-windows-x86_64 0.3.0 5.00 52.00 57.00 OK
r-oldrel-macos-arm64 0.3.0 19.00 OK
r-oldrel-macos-x86_64 0.3.0 27.00 OK
r-oldrel-windows-x86_64 0.3.0 5.00 55.00 60.00 OK

Check Details

Version: 0.3.0
Check: examples
Result: NOTE Examples with CPU (user + system) or elapsed time > 5s user system elapsed plot_alpha_shape 3.517 0.09 5.172 Flavor: r-devel-linux-x86_64-debian-clang