Last updated on 2025-04-30 04:50:20 CEST.
Flavor | Version | Tinstall | Tcheck | Ttotal | Status | Flags |
---|---|---|---|---|---|---|
r-devel-linux-x86_64-debian-clang | 3.4 | 40.28 | 59.71 | 99.99 | NOTE | |
r-devel-linux-x86_64-debian-gcc | 3.4 | 27.31 | 44.28 | 71.59 | NOTE | |
r-devel-linux-x86_64-fedora-clang | 3.4 | 176.95 | OK | |||
r-devel-linux-x86_64-fedora-gcc | 3.4 | 161.22 | OK | |||
r-devel-windows-x86_64 | 3.4 | 45.00 | 97.00 | 142.00 | OK | |
r-patched-linux-x86_64 | 3.4 | 38.04 | 57.19 | 95.23 | OK | |
r-release-linux-x86_64 | 3.4 | 37.56 | 57.57 | 95.13 | OK | |
r-release-macos-arm64 | 3.4 | 53.00 | OK | |||
r-release-macos-x86_64 | 3.4 | 75.00 | OK | |||
r-release-windows-x86_64 | 3.4 | 48.00 | 106.00 | 154.00 | OK | |
r-oldrel-macos-arm64 | 3.4 | 50.00 | OK | |||
r-oldrel-macos-x86_64 | 3.4 | 62.00 | OK | |||
r-oldrel-windows-x86_64 | 3.4 | 52.00 | 115.00 | 167.00 | OK |
Version: 3.4
Check: CRAN incoming feasibility
Result: NOTE
Maintainer: ‘Tuomas Rajala <tuomas.rajala@iki.fi>’
No Authors@R field in DESCRIPTION.
Please add one, modifying
Authors@R: person(given = "Tuomas",
family = "Rajala",
role = c("aut", "cre"),
email = "tuomas.rajala@iki.fi")
as necessary.
Flavors: r-devel-linux-x86_64-debian-clang, r-devel-linux-x86_64-debian-gcc