CRAN Package Check Results for Package spaths

Last updated on 2025-04-29 04:50:19 CEST.

Flavor Version Tinstall Tcheck Ttotal Status Flags
r-devel-linux-x86_64-debian-clang 1.2.0 228.92 52.17 281.09 OK
r-devel-linux-x86_64-debian-gcc 1.2.0 188.40 36.23 224.63 OK
r-devel-linux-x86_64-fedora-clang 1.2.0 489.45 NOTE
r-devel-linux-x86_64-fedora-gcc 1.2.0 603.85 NOTE
r-devel-windows-x86_64 1.2.0 216.00 103.00 319.00 OK
r-patched-linux-x86_64 1.2.0 261.48 48.62 310.10 OK
r-release-linux-x86_64 1.2.0 259.11 48.93 308.04 OK
r-release-macos-arm64 1.2.0 43.00 ERROR
r-release-macos-x86_64 1.2.0 27.00 ERROR
r-release-windows-x86_64 1.2.0 217.00 108.00 325.00 OK
r-oldrel-macos-arm64 1.2.0 45.00 ERROR
r-oldrel-macos-x86_64 1.2.0 32.00 ERROR
r-oldrel-windows-x86_64 1.2.0 226.00 123.00 349.00 OK

Check Details

Version: 1.2.0
Check: dependencies in R code
Result: NOTE Namespaces in Imports field not imported from: ‘Rcpp’ ‘base’ ‘utils’ All declared Imports should be used. Flavors: r-devel-linux-x86_64-fedora-clang, r-devel-linux-x86_64-fedora-gcc

Version: 1.2.0
Check: whether package can be installed
Result: ERROR Installation failed. Flavors: r-release-macos-arm64, r-release-macos-x86_64, r-oldrel-macos-arm64, r-oldrel-macos-x86_64