Last updated on 2025-04-30 04:50:20 CEST.
Flavor | Version | Tinstall | Tcheck | Ttotal | Status | Flags |
---|---|---|---|---|---|---|
r-devel-linux-x86_64-debian-clang | 0.2.2 | 3.90 | 133.09 | 136.99 | NOTE | |
r-devel-linux-x86_64-debian-gcc | 0.2.2 | 2.71 | 92.82 | 95.53 | NOTE | |
r-devel-linux-x86_64-fedora-clang | 0.2.2 | 215.07 | OK | |||
r-devel-linux-x86_64-fedora-gcc | 0.2.2 | 216.96 | OK | |||
r-devel-windows-x86_64 | 0.2.2 | 5.00 | 138.00 | 143.00 | OK | |
r-patched-linux-x86_64 | 0.2.2 | 4.19 | 125.43 | 129.62 | OK | |
r-release-linux-x86_64 | 0.2.2 | 3.43 | 129.08 | 132.51 | OK | |
r-release-macos-arm64 | 0.2.2 | 75.00 | OK | |||
r-release-macos-x86_64 | 0.2.2 | 156.00 | OK | |||
r-release-windows-x86_64 | 0.2.2 | 6.00 | 137.00 | 143.00 | OK | |
r-oldrel-macos-arm64 | 0.2.2 | 60.00 | OK | |||
r-oldrel-macos-x86_64 | 0.2.2 | 98.00 | OK | |||
r-oldrel-windows-x86_64 | 0.2.2 | 6.00 | 172.00 | 178.00 | OK |
Version: 0.2.2
Check: examples
Result: NOTE
Examples with CPU (user + system) or elapsed time > 5s
user system elapsed
group_pts 8.788 0.178 12.134
randomizations 6.256 0.052 8.886
Flavor: r-devel-linux-x86_64-debian-clang
Version: 0.2.2
Check: examples
Result: NOTE
Examples with CPU (user + system) or elapsed time > 5s
user system elapsed
group_pts 5.205 0.071 5.63
Flavor: r-devel-linux-x86_64-debian-gcc