Last updated on 2025-04-30 04:50:20 CEST.
Flavor | Version | Tinstall | Tcheck | Ttotal | Status | Flags |
---|---|---|---|---|---|---|
r-devel-linux-x86_64-debian-clang | 3.3-6 | 58.86 | 337.42 | 396.28 | OK | |
r-devel-linux-x86_64-debian-gcc | 3.3-6 | 42.89 | 220.40 | 263.29 | OK | |
r-devel-linux-x86_64-fedora-clang | 3.3-6 | 618.03 | OK | |||
r-devel-linux-x86_64-fedora-gcc | 3.3-6 | 593.80 | OK | |||
r-devel-windows-x86_64 | 3.3-6 | 80.00 | 479.00 | 559.00 | OK | |
r-patched-linux-x86_64 | 3.3-6 | 75.64 | 312.88 | 388.52 | OK | |
r-release-linux-x86_64 | 3.3-6 | 57.72 | 316.79 | 374.51 | OK | |
r-release-macos-arm64 | 3.3-6 | 147.00 | OK | |||
r-release-macos-x86_64 | 3.3-6 | 363.00 | OK | |||
r-release-windows-x86_64 | 3.3-6 | 81.00 | 445.00 | 526.00 | OK | |
r-oldrel-macos-arm64 | 3.3-6 | 134.00 | NOTE | |||
r-oldrel-macos-x86_64 | 3.3-6 | 281.00 | NOTE | |||
r-oldrel-windows-x86_64 | 3.3-6 | 96.00 | 560.00 | 656.00 | OK |
Version: 3.3-6
Check: installed package size
Result: NOTE
installed size is 5.2Mb
sub-directories of 1Mb or more:
R 2.1Mb
help 1.9Mb
Flavors: r-oldrel-macos-arm64, r-oldrel-macos-x86_64