Last updated on 2025-04-30 04:50:20 CEST.
Flavor | Version | Tinstall | Tcheck | Ttotal | Status | Flags |
---|---|---|---|---|---|---|
r-devel-linux-x86_64-debian-clang | 3.1-0 | 7.69 | 84.95 | 92.64 | OK | |
r-devel-linux-x86_64-debian-gcc | 3.1-0 | 6.19 | 65.96 | 72.15 | OK | |
r-devel-linux-x86_64-fedora-clang | 3.1-0 | 147.35 | OK | |||
r-devel-linux-x86_64-fedora-gcc | 3.1-0 | 143.41 | OK | |||
r-devel-windows-x86_64 | 3.1-0 | 10.00 | 97.00 | 107.00 | OK | |
r-patched-linux-x86_64 | 3.1-0 | 7.83 | 81.66 | 89.49 | OK | |
r-release-linux-x86_64 | 3.1-0 | 7.29 | 81.29 | 88.58 | OK | |
r-release-macos-arm64 | 3.1-0 | 57.00 | OK | |||
r-release-macos-x86_64 | 3.1-0 | 104.00 | OK | |||
r-release-windows-x86_64 | 3.1-0 | 9.00 | 99.00 | 108.00 | OK | |
r-oldrel-macos-arm64 | 3.1-0 | 59.00 | NOTE | |||
r-oldrel-macos-x86_64 | 3.1-0 | 93.00 | NOTE | |||
r-oldrel-windows-x86_64 | 3.1-0 | 12.00 | 107.00 | 119.00 | NOTE |
Version: 3.1-0
Check: package dependencies
Result: NOTE
Depends: includes the non-default packages:
'spatstat.data', 'spatstat.univar', 'spatstat.geom',
'spatstat.random', 'spatstat.explore', 'spatstat.model',
'spatstat.linnet', 'spatstat', 'rpanel', 'tcltk'
Adding so many packages to the search path is excessive and importing
selectively is preferable.
Flavors: r-oldrel-macos-arm64, r-oldrel-macos-x86_64, r-oldrel-windows-x86_64