CRAN Package Check Results for Package spatstat

Last updated on 2025-04-30 04:50:20 CEST.

Flavor Version Tinstall Tcheck Ttotal Status Flags
r-devel-linux-x86_64-debian-clang 3.3-2 9.44 162.24 171.68 OK
r-devel-linux-x86_64-debian-gcc 3.3-2 6.46 122.32 128.78 OK
r-devel-linux-x86_64-fedora-clang 3.3-2 267.18 OK
r-devel-linux-x86_64-fedora-gcc 3.3-2 271.26 OK
r-devel-windows-x86_64 3.3-2 10.00 248.00 258.00 OK
r-patched-linux-x86_64 3.3-2 9.14 158.48 167.62 OK
r-release-linux-x86_64 3.3-2 8.94 156.46 165.40 OK
r-release-macos-arm64 3.3-2 94.00 OK
r-release-macos-x86_64 3.3-2 166.00 OK
r-release-windows-x86_64 3.3-2 11.00 242.00 253.00 OK
r-oldrel-macos-arm64 3.3-2 92.00 NOTE
r-oldrel-macos-x86_64 3.3-2 172.00 NOTE
r-oldrel-windows-x86_64 3.3-2 13.00 263.00 276.00 NOTE

Check Details

Version: 3.3-2
Check: package dependencies
Result: NOTE Depends: includes the non-default packages: 'spatstat.data', 'spatstat.univar', 'spatstat.geom', 'spatstat.random', 'spatstat.explore', 'spatstat.model', 'spatstat.linnet' Adding so many packages to the search path is excessive and importing selectively is preferable. Flavors: r-oldrel-macos-arm64, r-oldrel-macos-x86_64, r-oldrel-windows-x86_64

Version: 3.3-2
Check: installed package size
Result: NOTE installed size is 5.3Mb sub-directories of 1Mb or more: doc 4.6Mb Flavors: r-oldrel-macos-arm64, r-oldrel-macos-x86_64, r-oldrel-windows-x86_64