Last updated on 2025-04-30 04:50:20 CEST.
Flavor | Version | Tinstall | Tcheck | Ttotal | Status | Flags |
---|---|---|---|---|---|---|
r-devel-windows-x86_64 | 2.0.0 | 5.00 | 61.00 | 66.00 | OK | |
r-release-windows-x86_64 | 2.0.0 | 5.00 | 58.00 | 63.00 | OK | |
r-oldrel-windows-x86_64 | 2.0.0 | 5.00 | 60.00 | 65.00 | NOTE |
Version: 2.0.0
Check: LazyData
Result: NOTE
'LazyData' is specified without a 'data' directory
Flavor: r-oldrel-windows-x86_64