CRAN Package Check Results for Package speedytax

Last updated on 2025-04-30 04:50:20 CEST.

Flavor Version Tinstall Tcheck Ttotal Status Flags
r-devel-linux-x86_64-debian-clang 1.0.4 47.75 199.74 247.49 NOTE
r-devel-linux-x86_64-debian-gcc 1.0.4 33.60 145.58 179.18 NOTE
r-devel-linux-x86_64-fedora-clang 1.0.4 431.99 NOTE
r-devel-linux-x86_64-fedora-gcc 1.0.4 367.24 NOTE
r-devel-windows-x86_64 1.0.4 56.00 195.00 251.00 NOTE
r-patched-linux-x86_64 1.0.4 43.40 187.04 230.44 NOTE
r-release-linux-x86_64 1.0.4 46.20 191.81 238.01 NOTE
r-release-macos-arm64 1.0.4 101.00 NOTE
r-release-macos-x86_64 1.0.4 207.00 NOTE
r-release-windows-x86_64 1.0.4 55.00 201.00 256.00 NOTE
r-oldrel-macos-arm64 1.0.4 101.00 OK
r-oldrel-macos-x86_64 1.0.4 165.00 OK
r-oldrel-windows-x86_64 1.0.4 60.00 262.00 322.00 OK

Check Details

Version: 1.0.4
Check: DESCRIPTION meta-information
Result: NOTE Missing dependency on R >= 4.1.0 because package code uses the pipe |> or function shorthand \(...) syntax added in R 4.1.0. File(s) using such syntax: ‘import_qiime2_tax_table.R’ ‘import_sintax_tax_table.R’ Flavors: r-devel-linux-x86_64-debian-clang, r-devel-linux-x86_64-debian-gcc, r-devel-linux-x86_64-fedora-clang, r-devel-linux-x86_64-fedora-gcc, r-devel-windows-x86_64, r-patched-linux-x86_64, r-release-linux-x86_64, r-release-macos-arm64, r-release-macos-x86_64, r-release-windows-x86_64