Last updated on 2025-04-30 04:50:20 CEST.
Flavor | Version | Tinstall | Tcheck | Ttotal | Status | Flags |
---|---|---|---|---|---|---|
r-devel-linux-x86_64-debian-clang | 1.0 | 94.65 | 27.17 | 121.82 | NOTE | |
r-devel-linux-x86_64-debian-gcc | 1.0 | 65.21 | 21.47 | 86.68 | NOTE | |
r-devel-linux-x86_64-fedora-clang | 1.0 | 246.95 | OK | |||
r-devel-linux-x86_64-fedora-gcc | 1.0 | 229.32 | OK | |||
r-devel-windows-x86_64 | 1.0 | 110.00 | 77.00 | 187.00 | OK | |
r-patched-linux-x86_64 | 1.0 | 97.28 | 25.13 | 122.41 | OK | |
r-release-linux-x86_64 | 1.0 | 96.75 | 25.20 | 121.95 | OK | |
r-release-macos-arm64 | 1.0 | 53.00 | OK | |||
r-release-macos-x86_64 | 1.0 | 56.00 | OK | |||
r-release-windows-x86_64 | 1.0 | 111.00 | 72.00 | 183.00 | OK | |
r-oldrel-macos-arm64 | 1.0 | 51.00 | NOTE | |||
r-oldrel-macos-x86_64 | 1.0 | 53.00 | NOTE | |||
r-oldrel-windows-x86_64 | 1.0 | 118.00 | 81.00 | 199.00 | OK |
Version: 1.0
Check: CRAN incoming feasibility
Result: NOTE
Maintainer: ‘Yang Liu <yliu87@umd.edu>’
The Description field contains
<arXiv:2303.10079>. Both the conditional densities of observed
Please refer to arXiv e-prints via their arXiv DOI <doi:10.48550/arXiv.YYMM.NNNNN>.
Flavors: r-devel-linux-x86_64-debian-clang, r-devel-linux-x86_64-debian-gcc
Version: 1.0
Check: installed package size
Result: NOTE
installed size is 7.0Mb
sub-directories of 1Mb or more:
libs 6.7Mb
Flavors: r-oldrel-macos-arm64, r-oldrel-macos-x86_64