Last updated on 2025-11-04 03:51:09 CET.
| Flavor | Version | Tinstall | Tcheck | Ttotal | Status | Flags | 
|---|---|---|---|---|---|---|
| r-devel-linux-x86_64-debian-clang | 1.1 | 8.41 | 71.48 | 79.89 | NOTE | |
| r-devel-linux-x86_64-debian-gcc | 1.1 | 6.15 | 54.45 | 60.60 | NOTE | |
| r-devel-linux-x86_64-fedora-clang | 1.1 | 17.00 | 104.33 | 121.33 | OK | |
| r-devel-linux-x86_64-fedora-gcc | 1.1 | 17.00 | 98.83 | 115.83 | OK | |
| r-devel-windows-x86_64 | 1.1 | 10.00 | 84.00 | 94.00 | OK | |
| r-patched-linux-x86_64 | 1.1 | 6.77 | 69.14 | 75.91 | OK | |
| r-release-linux-x86_64 | 1.1 | 8.04 | 68.61 | 76.65 | OK | |
| r-release-macos-arm64 | 1.1 | 4.00 | 33.00 | 37.00 | OK | |
| r-release-macos-x86_64 | 1.1 | 7.00 | 83.00 | 90.00 | OK | |
| r-release-windows-x86_64 | 1.1 | 9.00 | 84.00 | 93.00 | OK | |
| r-oldrel-macos-arm64 | 1.1 | 4.00 | 31.00 | 35.00 | OK | |
| r-oldrel-macos-x86_64 | 1.1 | 5.00 | 47.00 | 52.00 | OK | |
| r-oldrel-windows-x86_64 | 1.1 | 12.00 | 102.00 | 114.00 | OK | 
Version: 1.1
Check: CRAN incoming feasibility
Result: NOTE
  Maintainer: ‘Arturas Rozenas <ar199@nyu.edu>’
  
  No Authors@R field in DESCRIPTION.
  Please add one, modifying
    Authors@R: person(given = "Arturas",
                      family = "Rozenas",
                      role = c("aut", "cre"),
                      email = "ar199@nyu.edu")
  as necessary.
Flavors: r-devel-linux-x86_64-debian-clang, r-devel-linux-x86_64-debian-gcc