CRAN Package Check Results for Package spind

Last updated on 2025-04-30 04:50:20 CEST.

Flavor Version Tinstall Tcheck Ttotal Status Flags
r-devel-linux-x86_64-debian-clang 2.2.1 10.22 133.20 143.42 NOTE
r-devel-linux-x86_64-debian-gcc 2.2.1 6.56 90.92 97.48 NOTE
r-devel-linux-x86_64-fedora-clang 2.2.1 214.37 OK
r-devel-linux-x86_64-fedora-gcc 2.2.1 218.25 OK
r-devel-windows-x86_64 2.2.1 10.00 148.00 158.00 OK
r-patched-linux-x86_64 2.2.1 9.86 126.65 136.51 OK
r-release-linux-x86_64 2.2.1 10.50 128.67 139.17 OK
r-release-macos-arm64 2.2.1 70.00 OK
r-release-macos-x86_64 2.2.1 146.00 OK
r-release-windows-x86_64 2.2.1 11.00 141.00 152.00 OK
r-oldrel-macos-arm64 2.2.1 61.00 OK
r-oldrel-macos-x86_64 2.2.1 105.00 OK
r-oldrel-windows-x86_64 2.2.1 14.00 175.00 189.00 OK

Check Details

Version: 2.2.1
Check: CRAN incoming feasibility
Result: NOTE Maintainer: ‘Sam Levin <levisc8@gmail.com>’ No Authors@R field in DESCRIPTION. Please add one, modifying Authors@R: c(person(given = "Gudrun", family = "Carl", role = c("cre", "aut")), person(given = "Ingolf", family = "Kuehn", role = "aut"), person(given = "Sam", family = "Levin", role = c("aut", "cre"), email = "levisc8@gmail.com")) as necessary. Package CITATION file contains call(s) to old-style personList() or as.personList(). Please use c() on person objects instead. Package CITATION file contains call(s) to old-style citEntry(). Please use bibentry() instead. Flavors: r-devel-linux-x86_64-debian-clang, r-devel-linux-x86_64-debian-gcc