Last updated on 2025-04-30 04:50:20 CEST.
Flavor | Version | Tinstall | Tcheck | Ttotal | Status | Flags |
---|---|---|---|---|---|---|
r-devel-linux-x86_64-debian-clang | 0.3.8 | 8.29 | 228.92 | 237.21 | NOTE | |
r-devel-linux-x86_64-debian-gcc | 0.3.8 | 5.88 | 152.75 | 158.63 | OK | |
r-devel-linux-x86_64-fedora-clang | 0.3.8 | 387.41 | OK | |||
r-devel-linux-x86_64-fedora-gcc | 0.3.8 | 349.97 | OK | |||
r-devel-windows-x86_64 | 0.3.8 | 9.00 | 252.00 | 261.00 | OK | |
r-patched-linux-x86_64 | 0.3.8 | 7.86 | 216.84 | 224.70 | OK | |
r-release-linux-x86_64 | 0.3.8 | 5.48 | 219.39 | 224.87 | OK | |
r-release-macos-arm64 | 0.3.8 | 102.00 | OK | |||
r-release-macos-x86_64 | 0.3.8 | 199.00 | OK | |||
r-release-windows-x86_64 | 0.3.8 | 10.00 | 268.00 | 278.00 | OK | |
r-oldrel-macos-arm64 | 0.3.8 | 115.00 | OK | |||
r-oldrel-macos-x86_64 | 0.3.8 | 159.00 | OK | |||
r-oldrel-windows-x86_64 | 0.3.8 | 12.00 | 321.00 | 333.00 | OK |
Version: 0.3.8
Check: examples
Result: NOTE
Examples with CPU (user + system) or elapsed time > 5s
user system elapsed
BreastCancer_na.rm 4.257 0.427 6.647
proto_hex 2.835 0.493 5.025
basis_guided 2.811 0.182 5.072
Flavor: r-devel-linux-x86_64-debian-clang