Last updated on 2025-04-30 04:50:20 CEST.
Flavor | Version | Tinstall | Tcheck | Ttotal | Status | Flags |
---|---|---|---|---|---|---|
r-devel-linux-x86_64-debian-clang | 2.2.2 | 5.10 | 67.91 | 73.01 | NOTE | |
r-devel-linux-x86_64-debian-gcc | 3.0.0 | 4.09 | 50.50 | 54.59 | OK | |
r-devel-linux-x86_64-fedora-clang | 3.0.0 | 118.65 | OK | |||
r-devel-linux-x86_64-fedora-gcc | 3.0.0 | 133.60 | OK | |||
r-devel-windows-x86_64 | 2.2.2 | 8.00 | 99.00 | 107.00 | NOTE | |
r-patched-linux-x86_64 | 2.2.2 | 6.02 | 64.80 | 70.82 | NOTE | |
r-release-linux-x86_64 | 2.2.2 | 5.50 | 64.94 | 70.44 | NOTE | |
r-release-macos-arm64 | 3.0.0 | 45.00 | OK | |||
r-release-macos-x86_64 | 3.0.0 | 99.00 | OK | |||
r-release-windows-x86_64 | 3.0.0 | 12.00 | 96.00 | 108.00 | OK | |
r-oldrel-macos-arm64 | 3.0.0 | 49.00 | OK | |||
r-oldrel-macos-x86_64 | 3.0.0 | 88.00 | OK | |||
r-oldrel-windows-x86_64 | 2.2.2 | 10.00 | 108.00 | 118.00 | NOTE |
Version: 2.2.2
Check: Rd files
Result: NOTE
checkRd: (-1) ds_aat.Rd:16: Lost braces
16 | \doi{10.1111/add.14071}{Boffo et al., 2018}. Participants were presented stimuli from a "test"
| ^
checkRd: (-1) ds_gng.Rd:16: Lost braces
16 | described in detail in \doi{10.1016/j.tate.2019.102887}{Hedge, Powell, and Sumner (2018)}.
| ^
checkRd: (-1) ds_iat.Rd:19: Lost braces
19 | \doi{10.1016/j.tate.2019.102887}{Abacioglu and colleagues (2019)}.
| ^
checkRd: (-1) ds_rapi.Rd:15: Lost braces
15 | problems within the last year (\doi{https://doi.org/10.15288/jsa.1989.50.30}{White & Labouvie, 1989}).
| ^
checkRd: (-1) ds_sst.Rd:17: Lost braces
17 | described in detail in \doi{10.1016/j.tate.2019.102887}{Hedge, Powell, and Sumner (2018)}.
| ^
checkRd: (-1) ds_vpt.Rd:22: Lost braces
22 | \doi{10.1111/acer.12853}{(Pronk, Deursen, Beraha, Larsen, & Wiers, 2015)}.
| ^
checkRd: (-1) splithalfr.Rd:15: Lost braces
15 | \item \code{vignette("rapi_sum")} Sum-score for data of the 23-item version of the Rutgers Alcohol Problem Index (\doi{https://doi.org/10.15288/jsa.1989.50.30}{White & Labouvie, 1989})
| ^
Flavors: r-devel-linux-x86_64-debian-clang, r-devel-windows-x86_64, r-patched-linux-x86_64, r-release-linux-x86_64, r-oldrel-windows-x86_64