Last updated on 2025-04-30 04:50:20 CEST.
Flavor | Version | Tinstall | Tcheck | Ttotal | Status | Flags |
---|---|---|---|---|---|---|
r-devel-linux-x86_64-debian-clang | 2.2-3 | 3.38 | 82.77 | 86.15 | NOTE | |
r-devel-linux-x86_64-debian-gcc | 2.2-3 | 2.56 | 60.30 | 62.86 | NOTE | |
r-devel-linux-x86_64-fedora-clang | 2.2-3 | 135.24 | OK | |||
r-devel-linux-x86_64-fedora-gcc | 2.2-3 | 162.48 | OK | |||
r-devel-windows-x86_64 | 2.2-3 | 5.00 | 135.00 | 140.00 | OK | |
r-patched-linux-x86_64 | 2.2-3 | 4.41 | 85.76 | 90.17 | OK | |
r-release-linux-x86_64 | 2.2-3 | 3.48 | 85.79 | 89.27 | OK | |
r-release-macos-arm64 | 2.2-3 | 51.00 | OK | |||
r-release-macos-x86_64 | 2.2-3 | 186.00 | OK | |||
r-release-windows-x86_64 | 2.2-3 | 5.00 | 128.00 | 133.00 | OK | |
r-oldrel-macos-arm64 | 2.2-3 | 54.00 | OK | |||
r-oldrel-macos-x86_64 | 2.2-3 | 109.00 | OK | |||
r-oldrel-windows-x86_64 | 2.2-3 | 6.00 | 147.00 | 153.00 | OK |
Version: 2.2-3
Check: CRAN incoming feasibility
Result: NOTE
Maintainer: ‘Valentin Todorov <valentin.todorov@chello.at>’
No Authors@R field in DESCRIPTION.
Please add one, modifying
Authors@R: c(person(given = "Dongjun",
family = "Chung",
role = "aut",
email = "chungdon@stat.wisc.edu"),
person(given = "Hyonho",
family = "Chun",
role = "aut",
email = "chun@stat.wisc.edu"),
person(given = "Sunduz",
family = "Keles",
role = "aut",
email = "keles@stat.wisc.edu"),
person(given = "Valentin",
family = "Todorov",
role = "cre",
email = "valentin.todorov@chello.at"))
as necessary.
Flavors: r-devel-linux-x86_64-debian-clang, r-devel-linux-x86_64-debian-gcc
Version: 2.2-3
Check: examples
Result: NOTE
Examples with CPU (user + system) or elapsed time > 5s
user system elapsed
ci.spls 4.271 0.159 6.096
correct.spls 4.298 0.020 6.219
Flavor: r-devel-linux-x86_64-debian-clang