CRAN Package Check Results for Package spmoran

Last updated on 2025-04-30 04:50:20 CEST.

Flavor Version Tinstall Tcheck Ttotal Status Flags
r-devel-linux-x86_64-debian-clang 0.3.3 37.24 200.51 237.75 NOTE
r-devel-linux-x86_64-debian-gcc 0.3.3 21.39 134.70 156.09 NOTE
r-devel-linux-x86_64-fedora-clang 0.3.3 401.02 NOTE
r-devel-linux-x86_64-fedora-gcc 0.3.3 424.01 NOTE
r-devel-windows-x86_64 0.3.3 35.00 173.00 208.00 NOTE
r-patched-linux-x86_64 0.3.3 35.11 188.26 223.37 NOTE
r-release-linux-x86_64 0.3.3 34.59 187.93 222.52 NOTE
r-release-macos-arm64 0.3.3 89.00 NOTE
r-release-macos-x86_64 0.3.3 201.00 NOTE
r-release-windows-x86_64 0.3.3 33.00 174.00 207.00 NOTE
r-oldrel-macos-arm64 0.3.3 93.00 OK
r-oldrel-macos-x86_64 0.3.3 211.00 OK
r-oldrel-windows-x86_64 0.3.3 44.00 226.00 270.00 OK

Check Details

Version: 0.3.3
Check: DESCRIPTION meta-information
Result: NOTE Missing dependency on R >= 4.2.0 because package code uses the pipe placeholder syntax added in R 4.2.0. File(s) using such syntax: ‘addlearn_local.R’ Flavors: r-devel-linux-x86_64-debian-clang, r-devel-linux-x86_64-debian-gcc, r-devel-linux-x86_64-fedora-clang, r-devel-linux-x86_64-fedora-gcc, r-devel-windows-x86_64, r-patched-linux-x86_64, r-release-linux-x86_64, r-release-macos-arm64, r-release-macos-x86_64, r-release-windows-x86_64

Version: 0.3.3
Check: examples
Result: NOTE Examples with CPU (user + system) or elapsed time > 5s user system elapsed esf 2.889 0.346 5.89 Flavor: r-devel-linux-x86_64-debian-clang