CRAN Package Check Results for Package spocc

Last updated on 2025-04-30 04:50:20 CEST.

Flavor Version Tinstall Tcheck Ttotal Status Flags
r-devel-linux-x86_64-debian-clang 1.2.3 11.17 75.63 86.80 NOTE
r-devel-linux-x86_64-debian-gcc 1.2.3 7.10 52.84 59.94 NOTE
r-devel-linux-x86_64-fedora-clang 1.2.3 123.72 OK
r-devel-linux-x86_64-fedora-gcc 1.2.3 113.68 OK
r-devel-windows-x86_64 1.2.3 12.00 100.00 112.00 NOTE
r-patched-linux-x86_64 1.2.3 8.92 69.50 78.42 NOTE
r-release-linux-x86_64 1.2.3 10.93 70.34 81.27 NOTE
r-release-macos-arm64 1.2.3 35.00 OK
r-release-macos-x86_64 1.2.3 66.00 OK
r-release-windows-x86_64 1.2.3 12.00 98.00 110.00 NOTE
r-oldrel-macos-arm64 1.2.3 37.00 OK
r-oldrel-macos-x86_64 1.2.3 89.00 OK
r-oldrel-windows-x86_64 1.2.3 15.00 107.00 122.00 OK

Check Details

Version: 1.2.3
Check: Rd cross-references
Result: NOTE Found the following Rd file(s) with Rd \link{} targets missing package anchors: as.idigbio.Rd: idig_search_records Please provide package anchors for all Rd \link{} targets not in the package itself and the base packages. Flavors: r-devel-linux-x86_64-debian-clang, r-devel-linux-x86_64-debian-gcc, r-devel-windows-x86_64, r-patched-linux-x86_64, r-release-linux-x86_64, r-release-windows-x86_64