CRAN Package Check Results for Package spongecake

Last updated on 2025-04-30 04:50:20 CEST.

Flavor Version Tinstall Tcheck Ttotal Status Flags
r-devel-linux-x86_64-debian-clang 0.1.2 5.16 44.99 50.15 NOTE
r-devel-linux-x86_64-debian-gcc 0.1.2 4.19 32.47 36.66 NOTE
r-devel-linux-x86_64-fedora-clang 0.1.2 68.69 OK
r-devel-linux-x86_64-fedora-gcc 0.1.2 64.79 OK
r-devel-windows-x86_64 0.1.2 6.00 61.00 67.00 OK
r-patched-linux-x86_64 0.1.2 4.94 41.60 46.54 OK
r-release-linux-x86_64 0.1.2 4.17 42.66 46.83 OK
r-release-macos-arm64 0.1.2 24.00 OK
r-release-macos-x86_64 0.1.2 41.00 OK
r-release-windows-x86_64 0.1.2 7.00 60.00 67.00 OK
r-oldrel-macos-arm64 0.1.2 23.00 NOTE
r-oldrel-macos-x86_64 0.1.2 45.00 NOTE
r-oldrel-windows-x86_64 0.1.2 8.00 74.00 82.00 NOTE

Check Details

Version: 0.1.2
Check: CRAN incoming feasibility
Result: NOTE Maintainer: ‘Vincent Guyader <vincent@thinkr.fr>’ No Authors@R field in DESCRIPTION. Please add one, modifying Authors@R: person(given = "Vincent", family = "Guyader", role = c("aut", "cre"), email = "vincent@thinkr.fr") as necessary. Flavors: r-devel-linux-x86_64-debian-clang, r-devel-linux-x86_64-debian-gcc

Version: 0.1.2
Check: LazyData
Result: NOTE 'LazyData' is specified without a 'data' directory Flavors: r-oldrel-macos-arm64, r-oldrel-macos-x86_64, r-oldrel-windows-x86_64