Last updated on 2025-04-30 04:50:20 CEST.
Flavor | Version | Tinstall | Tcheck | Ttotal | Status | Flags |
---|---|---|---|---|---|---|
r-devel-linux-x86_64-debian-clang | 1.4.0 | 12.53 | 103.33 | 115.86 | NOTE | |
r-devel-linux-x86_64-debian-gcc | 1.4.0 | 9.31 | 74.21 | 83.52 | NOTE | |
r-devel-linux-x86_64-fedora-clang | 1.4.0 | 167.20 | OK | |||
r-devel-linux-x86_64-fedora-gcc | 1.4.0 | 155.16 | OK | |||
r-devel-windows-x86_64 | 1.4.0 | 14.00 | 102.00 | 116.00 | OK | |
r-patched-linux-x86_64 | 1.4.0 | 12.58 | 95.77 | 108.35 | OK | |
r-release-linux-x86_64 | 1.4.0 | 12.53 | 95.99 | 108.52 | OK | |
r-release-macos-arm64 | 1.4.0 | 47.00 | OK | |||
r-release-macos-x86_64 | 1.4.0 | 75.00 | OK | |||
r-release-windows-x86_64 | 1.4.0 | 13.00 | 102.00 | 115.00 | OK | |
r-oldrel-macos-arm64 | 1.4.0 | 42.00 | OK | |||
r-oldrel-macos-x86_64 | 1.4.0 | 71.00 | OK | |||
r-oldrel-windows-x86_64 | 1.4.0 | 20.00 | 125.00 | 145.00 | OK |
Version: 1.4.0
Check: CRAN incoming feasibility
Result: NOTE
Maintainer: ‘Giancarlo Vercellino <giancarlo.vercellino@gmail.com>’
No Authors@R field in DESCRIPTION.
Please add one, modifying
Authors@R: person(given = "Giancarlo",
family = "Vercellino",
role = c("aut", "cre"),
email = "giancarlo.vercellino@gmail.com")
as necessary.
Flavors: r-devel-linux-x86_64-debian-clang, r-devel-linux-x86_64-debian-gcc
Version: 1.4.0
Check: examples
Result: NOTE
Examples with CPU (user + system) or elapsed time > 5s
user system elapsed
spooky 4.628 0.153 6.727
Flavor: r-devel-linux-x86_64-debian-clang