CRAN Package Check Results for Package springer

Last updated on 2025-04-30 04:50:20 CEST.

Flavor Version Tinstall Tcheck Ttotal Status Flags
r-devel-linux-x86_64-debian-clang 0.1.9 34.83 28.88 63.71 NOTE
r-devel-linux-x86_64-debian-gcc 0.1.9 23.15 23.56 46.71 NOTE
r-devel-linux-x86_64-fedora-clang 0.1.9 119.61 OK
r-devel-linux-x86_64-fedora-gcc 0.1.9 110.88 OK
r-devel-windows-x86_64 0.1.9 41.00 77.00 118.00 OK
r-patched-linux-x86_64 0.1.9 34.53 29.05 63.58 OK
r-release-linux-x86_64 0.1.9 33.16 28.38 61.54 OK
r-release-macos-arm64 0.1.9 33.00 OK
r-release-macos-x86_64 0.1.9 54.00 OK
r-release-windows-x86_64 0.1.9 40.00 73.00 113.00 OK
r-oldrel-macos-arm64 0.1.9 31.00 OK
r-oldrel-macos-x86_64 0.1.9 42.00 OK
r-oldrel-windows-x86_64 0.1.9 47.00 86.00 133.00 OK

Check Details

Version: 0.1.9
Check: CRAN incoming feasibility
Result: NOTE Maintainer: ‘Fei Zhou <fei.zhou@outlook.com>’ No Authors@R field in DESCRIPTION. Please add one, modifying Authors@R: c(person(given = "Fei", family = "Zhou", role = c("aut", "cre"), email = "fei.zhou@outlook.com"), person(given = "Yuwen", family = "Liu", role = "aut"), person(given = "Xi", family = "Lu", role = "aut"), person(given = "Jie", family = "Ren", role = "aut"), person(given = "Cen", family = "Wu", role = "aut")) as necessary. Flavors: r-devel-linux-x86_64-debian-clang, r-devel-linux-x86_64-debian-gcc