Last updated on 2025-04-30 04:50:20 CEST.
Flavor | Version | Tinstall | Tcheck | Ttotal | Status | Flags |
---|---|---|---|---|---|---|
r-devel-linux-x86_64-debian-clang | 0.9.0 | 23.13 | 67.64 | 90.77 | NOTE | |
r-devel-linux-x86_64-debian-gcc | 0.9.0 | 15.04 | 51.32 | 66.36 | NOTE | |
r-devel-linux-x86_64-fedora-clang | 0.9.0 | 153.64 | NOTE | |||
r-devel-linux-x86_64-fedora-gcc | 0.9.0 | 152.50 | NOTE | |||
r-devel-windows-x86_64 | 0.9.0 | 27.00 | 97.00 | 124.00 | NOTE | |
r-patched-linux-x86_64 | 0.9.0 | 21.34 | 63.81 | 85.15 | NOTE | |
r-release-linux-x86_64 | 0.9.0 | 20.29 | 64.38 | 84.67 | NOTE | |
r-release-macos-arm64 | 0.9.0 | 62.00 | NOTE | |||
r-release-macos-x86_64 | 0.9.0 | 103.00 | NOTE | |||
r-release-windows-x86_64 | 0.9.0 | 28.00 | 95.00 | 123.00 | NOTE | |
r-oldrel-macos-arm64 | 0.9.0 | 49.00 | NOTE | |||
r-oldrel-macos-x86_64 | 0.9.0 | 73.00 | NOTE | |||
r-oldrel-windows-x86_64 | 0.9.0 | 32.00 | 120.00 | 152.00 | NOTE |
Version: 0.9.0
Check: CRAN incoming feasibility
Result: NOTE
Maintainer: ‘Guo Yu <gy63@uw.edu>’
The Description field contains
<arXiv:1907.08414>.
Please refer to arXiv e-prints via their arXiv DOI <doi:10.48550/arXiv.YYMM.NNNNN>.
Flavors: r-devel-linux-x86_64-debian-clang, r-devel-linux-x86_64-debian-gcc
Version: 0.9.0
Check: C++ specification
Result: NOTE
Specified C++11: please drop specification unless essential
Flavors: r-devel-linux-x86_64-debian-clang, r-devel-linux-x86_64-debian-gcc, r-devel-linux-x86_64-fedora-clang, r-devel-linux-x86_64-fedora-gcc, r-devel-windows-x86_64, r-patched-linux-x86_64, r-release-linux-x86_64, r-release-macos-arm64, r-release-macos-x86_64, r-release-windows-x86_64, r-oldrel-macos-arm64, r-oldrel-macos-x86_64, r-oldrel-windows-x86_64