CRAN Package Check Results for Package spuRs

Last updated on 2025-04-30 04:50:20 CEST.

Flavor Version Tinstall Tcheck Ttotal Status Flags
r-devel-linux-x86_64-debian-clang 2.0.3 2.68 27.48 30.16 OK
r-devel-linux-x86_64-debian-gcc 2.0.3 2.00 22.43 24.43 OK
r-devel-linux-x86_64-fedora-clang 2.0.3 29.06 OK
r-devel-linux-x86_64-fedora-gcc 2.0.3 24.98 OK
r-devel-windows-x86_64 2.0.3 8.00 57.00 65.00 OK
r-patched-linux-x86_64 2.0.2 2.80 26.16 28.96 NOTE
r-release-linux-x86_64 2.0.2 2.47 26.08 28.55 NOTE
r-release-macos-arm64 2.0.3 19.00 OK
r-release-macos-x86_64 2.0.3 32.00 OK
r-release-windows-x86_64 2.0.3 5.00 57.00 62.00 OK
r-oldrel-macos-arm64 2.0.3 25.00 OK
r-oldrel-macos-x86_64 2.0.3 37.00 OK
r-oldrel-windows-x86_64 2.0.2 6.00 56.00 62.00 NOTE

Check Details

Version: 2.0.2
Check: Rd files
Result: NOTE checkRd: (-1) vol.m3.Rd:21: Lost braces in \itemize; meant \describe ? checkRd: (-1) vol.m3.Rd:22: Lost braces in \itemize; meant \describe ? checkRd: (-1) vol.m3.Rd:23: Lost braces in \itemize; meant \describe ? Flavors: r-patched-linux-x86_64, r-release-linux-x86_64, r-oldrel-windows-x86_64

Version: 2.0.2
Check: Rd cross-references
Result: NOTE Found the following Rd file(s) with Rd \link{} targets missing package anchors: fitDistances.Rd: fitdistr Please provide package anchors for all Rd \link{} targets not in the package itself and the base packages. Flavors: r-patched-linux-x86_64, r-release-linux-x86_64