Last updated on 2025-04-30 04:50:20 CEST.
Flavor | Version | Tinstall | Tcheck | Ttotal | Status | Flags |
---|---|---|---|---|---|---|
r-devel-linux-x86_64-debian-clang | 1.4-0 | 32.21 | 388.90 | 421.11 | NOTE | |
r-devel-linux-x86_64-debian-gcc | 1.4-0 | 18.25 | 243.31 | 261.56 | NOTE | |
r-devel-linux-x86_64-fedora-clang | 1.4-0 | 680.72 | OK | |||
r-devel-linux-x86_64-fedora-gcc | 1.4-0 | 659.34 | OK | |||
r-devel-windows-x86_64 | 1.4-0 | 27.00 | 302.00 | 329.00 | OK | |
r-patched-linux-x86_64 | 1.4-0 | 29.86 | 359.09 | 388.95 | OK | |
r-release-linux-x86_64 | 1.4-0 | 26.70 | 360.86 | 387.56 | OK | |
r-release-macos-arm64 | 1.4-0 | 149.00 | OK | |||
r-release-macos-x86_64 | 1.4-0 | 323.00 | OK | |||
r-release-windows-x86_64 | 1.4-0 | 28.00 | 294.00 | 322.00 | OK | |
r-oldrel-macos-arm64 | 1.4-0 | 149.00 | OK | |||
r-oldrel-macos-x86_64 | 1.4-0 | 261.00 | OK | |||
r-oldrel-windows-x86_64 | 1.4-0 | 38.00 | 415.00 | 453.00 | OK |
Version: 1.4-0
Check: examples
Result: NOTE
Examples with CPU (user + system) or elapsed time > 5s
user system elapsed
genSample 7.766 0.220 10.873
genSample.MarginalNumericSpatial 6.239 0.153 7.852
propagate 5.089 0.054 7.088
mean_MC_sgdf 3.975 0.056 5.217
Flavor: r-devel-linux-x86_64-debian-clang
Version: 1.4-0
Check: examples
Result: NOTE
Examples with CPU (user + system) or elapsed time > 5s
user system elapsed
genSample 4.081 0.121 5.162
Flavor: r-devel-linux-x86_64-debian-gcc