Last updated on 2025-04-30 04:50:20 CEST.
Flavor | Version | Tinstall | Tcheck | Ttotal | Status | Flags |
---|---|---|---|---|---|---|
r-devel-linux-x86_64-debian-clang | 0.1.0 | 5.95 | 244.25 | 250.20 | NOTE | |
r-devel-linux-x86_64-debian-gcc | 0.1.0 | 3.82 | 197.13 | 200.95 | OK | |
r-devel-linux-x86_64-fedora-clang | 0.1.0 | 372.70 | OK | |||
r-devel-linux-x86_64-fedora-gcc | 0.1.0 | 371.61 | OK | |||
r-devel-windows-x86_64 | 0.1.0 | 6.00 | 259.00 | 265.00 | OK | |
r-patched-linux-x86_64 | 0.1.0 | 5.60 | 242.19 | 247.79 | OK | |
r-release-linux-x86_64 | 0.1.0 | 5.17 | 242.47 | 247.64 | OK | |
r-release-macos-arm64 | 0.1.0 | 161.00 | OK | |||
r-release-macos-x86_64 | 0.1.0 | 271.00 | OK | |||
r-release-windows-x86_64 | 0.1.0 | 7.00 | 262.00 | 269.00 | OK | |
r-oldrel-macos-arm64 | 0.1.0 | 156.00 | OK | |||
r-oldrel-macos-x86_64 | 0.1.0 | 253.00 | OK | |||
r-oldrel-windows-x86_64 | 0.1.0 | 9.00 | 296.00 | 305.00 | OK |
Version: 0.1.0
Check: examples
Result: NOTE
Examples with CPU (user + system) or elapsed time > 5s
user system elapsed
get_Mlist 5.513 0.071 6.899
Flavor: r-devel-linux-x86_64-debian-clang