Last updated on 2025-04-30 04:50:20 CEST.
Flavor | Version | Tinstall | Tcheck | Ttotal | Status | Flags |
---|---|---|---|---|---|---|
r-devel-linux-x86_64-debian-clang | 0.1.3 | 13.85 | 127.11 | 140.96 | NOTE | |
r-devel-linux-x86_64-debian-gcc | 0.1.3 | 10.52 | 86.63 | 97.15 | NOTE | |
r-devel-linux-x86_64-fedora-clang | 0.1.3 | 218.68 | OK | |||
r-devel-linux-x86_64-fedora-gcc | 0.1.3 | 193.96 | OK | |||
r-devel-windows-x86_64 | 0.1.3 | 14.00 | 121.00 | 135.00 | OK | |
r-patched-linux-x86_64 | 0.1.3 | 11.71 | 117.49 | 129.20 | OK | |
r-release-linux-x86_64 | 0.1.3 | 11.92 | 117.45 | 129.37 | OK | |
r-release-macos-arm64 | 0.1.3 | 53.00 | OK | |||
r-release-macos-x86_64 | 0.1.3 | 98.00 | OK | |||
r-release-windows-x86_64 | 0.1.3 | 14.00 | 123.00 | 137.00 | OK | |
r-oldrel-macos-arm64 | 0.1.3 | 53.00 | OK | |||
r-oldrel-macos-x86_64 | 0.1.3 | 87.00 | OK | |||
r-oldrel-windows-x86_64 | 0.1.3 | 18.00 | 152.00 | 170.00 | OK |
Version: 0.1.3
Check: examples
Result: NOTE
Examples with CPU (user + system) or elapsed time > 5s
user system elapsed
sreg_ber 8.066 0.174 9.320
sreg_stsi 5.359 0.047 6.275
Flavor: r-devel-linux-x86_64-debian-clang
Version: 0.1.3
Check: examples
Result: NOTE
Examples with CPU (user + system) or elapsed time > 5s
user system elapsed
sreg_ber 5.368 0.256 7.191
Flavor: r-devel-linux-x86_64-debian-gcc